v + 1. Let k(l) = -o(l) + 4*u(l). Calculate k(14).
-5
Let n be -4*1 + (8 - 2/2). Let t(k) be the second derivative of -3*k - 1/3*k**n + 0 + k**2. What is t(2)?
-2
Let p(w) = -3*w + 64. Let d be p(24). Let o(c) = c**2 + 5*c - 9. Give o(d).
15
Let m(d) = 2*d**2 - d - 5 - 3*d**2 - d**2. Let y(z) = 5*z**2 + 2*z + 10. Let w(s) = -7*m(s) - 3*y(s). Let p(k) be the first derivative of w(k). What is p(-5)?
11
Suppose 3*u = 4*k + 5*u - 16, 26 = 4*k - 3*u. Let r(b) = 3*b - 6. Give r(k).
9
Let u(k) = 3*k**3 - 2*k**2 + k. Let m be u(1). Let d(w) = 10*w - 2*w**m + 2*w**2 + 4*w**2 - w**3 - 4*w - 6. Let g be 8/36 - 129/(-27). What is d(g)?
-1
Suppose 0 = 3*h - 8 - 7. Suppose -5*f + 2*f + 2*q + 18 = 0, 0 = f + q - 6. Let p(n) = -f*n + n**2 - 2 + 0 + 4*n - 5*n. Determine p(h).
-12
Let m(y) = 3*y**3 + 4*y**3 + 5*y**2 + 0*y**3 - 6*y**3 - 3*y. What is m(-4)?
28
Let k(j) be the third derivative of 19*j**4/24 + j**3/6 - 31*j**2. Determine k(2).
39
Let n = 29 - 25. Let s(p) = 3 - 4 - p**2 + 5 + 0*p**2 + n*p. Give s(5).
-1
Let m(a) be the second derivative of -a**4/3 - a**3/6 - 41*a - 3. Suppose l - 1 - 2 = 4*j, 1 = j - 2*l. Give m(j).
-3
Let a(m) = -20*m**3 - 7*m**2 - 5. Let c(s) = -17*s**3 - 7*s**2 - 5. Let d(u) = -6*a(u) + 7*c(u). Let q be -1*4*(-7)/4. Determine d(q).
-5
Suppose 0 = 3*g - 9, 3*q + g + 2*g = -9. Let p = 8 + q. Let j(h) = -5*h + 2*h**2 - 5 + 13*h + p - 3*h**2. Calculate j(6).
9
Let x(w) be the third derivative of w**4/24 + 2*w**3/3 - 3*w**2. Let g = -1 - -1. Suppose -t + 3*t = g. Give x(t).
4
Let d(p) = 7*p + 1. Suppose k - 4*a = 0, -k - 5*a - 45 = -0*k. Let b be ((-9)/5)/(6/k). Suppose -2*h + 4 = -b*h. What is d(h)?
-6
Let f(u) = 49*u**2 + 727 - 738 - 48*u**2. Give f(0).
-11
Suppose q + 21 = -2*q. Let c(s) = -3*s**2 + 2*s + 2. Let n(p) = 8*p**2 - 7*p - 5. Let i(u) = 11*c(u) + 4*n(u). Calculate i(q).
-5
Let q(f) be the first derivative of f**3/3 - 5*f**2 + 12*f - 737. Suppose -16 = -0*v - 2*v. Determine q(v).
-4
Let c(g) = -g**3 - g**2 + 2*g. Let i(r) = -30*r - 483. Let n be i(-16). What is c(n)?
12
Let x(s) = -21*s + 27*s + 5*s - 10 - s**2. Determine x(10).
0
Let f(a) = 2*a - 3. Let p(h) = -3 + 3*h - 2*h + 0. Let q = -45 + 52. Let d be p(q). Give f(d).
5
Let z(l) = l**2 - 10*l + 10. Let a(i) = -i**3 + 7*i**2 - i - 1. Let c be a(3). Let u = -24 + c. Give z(u).
-6
Let n(l) = -2*l**2 + 3*l**2 - 1 + 3. Let y(a) = -a**2 + 7*a + 76. Let s be y(-6). Calculate n(s).
6
Let y(w) = -4*w - 34. Let z be y(-9). Let d(v) = -4*v**3 - 5*v**2 - 3*v. Let a(u) = -3*u**3 - 5*u**2 - 4*u. Let m(i) = z*d(i) - 3*a(i). Calculate m(-4).
-8
Suppose 6*t - t - 245 = -5*p, -3*t - 4*p = -142. Let h be (2 + -1)/(9/t). Let u(m) = -h + 0 - 5*m + 5 + 2. What is u(2)?
-9
Let z(r) = 7 + 3*r + 0 + 1 + r. Let a(n) = n + 1. Let w(y) = -4*y - 2. Let f(t) = -5*a(t) - w(t). Let j(x) = -7*f(x) - 2*z(x). Give j(-4).
9
Let a(s) be the third derivative of -7*s**6/60 - s**5/60 - s**4/24 - s**3/6 + 3*s**2. Let f be 7/(-9) + 23/(1242/(-12)). Determine a(f).
13
Let r(m) be the first derivative of m**4/4 + 5*m**3/3 + m**2 + 4*m - 2. Let w = -151 + 146. Give r(w).
-6
Let j(o) be the first derivative of o**4/4 - 2*o**3/3 - 3*o**2/2 + o - 8. Let x be j(3). Let p(c) = -x - c + 2*c - c + 4*c. What is p(1)?
3
Let n(u) = 4*u**2 + 2*u - 1. Let o be 4 + (4 + -3)*1. Let t(a) = -3*a**2 - 3*a + 1. Let y(w) = o*t(w) + 4*n(w). Calculate y(6).
-5
Let o(z) = z**2 + 4*z - 3. Let t(l) = l + 1. Let h be t(-6). Let s = -9 - h. Let n be o(s). Let j(q) = q**3 + 3*q**2 + q + 4. Give j(n).
1
Let j(c) = -29*c**2 - 2*c - 1. Suppose -o = 5*k + 11, -40*k + 35*k = -4*o + 6. Determine j(o).
-28
Let f = 1 - 3. Let s(g) = 187 - 2*g - 3*g - 185 + 6*g. Calculate s(f).
0
Let v(w) be the second derivative of 2*w**3/3 + 2*w**2 + 4*w - 23. Give v(-7).
-24
Let i(w) = -w**3 - 8*w**2 - 9*w - 8. Let y = 23 - 19. Suppose -3*o = 5*f + 31, y*f + 14 = 6. Calculate i(o).
6
Let l = 1970 + -1956. Let f(u) = u**2 - 11*u - 14. Calculate f(l).
28
Let j(c) be the first derivative of -c**5/60 + c**4/6 + 7*c**3/6 - 7*c**2 + 37. Let w(v) be the second derivative of j(v). Determine w(6).
-5
Suppose 28 = 3*t - 23. Suppose -t + 2 = -5*z. Let a(y) = 0 - z - 6*y + 9*y. Calculate a(2).
3
Let d(k) = -6*k - 3. Let o be d(-2). Let n(m) = 4*m - 11. Let z(h) = -h + 1. Let j(r) = -n(r) - 3*z(r). Calculate j(o).
-1
Let q = -25 + 23. Let c(d) be the second derivative of -5*d**3/6 - 12*d. Give c(q).
10
Let q be 8/((-4)/(-2)) + 8. Let f(k) = -6 - 9*k + q - 6. Give f(1).
-9
Let x(t) = 7*t - 10. Let y(g) = 1. Let j(h) = x(h) + 3*y(h). Let c(z) = -8*z + 8. Let k(l) = 6*c(l) + 7*j(l). Calculate k(0).
-1
Suppose -s + 4*b - 26 = 0, 3*s + 18 = -5*b + 2*b. Let j be 8/s + (-28)/(-35). Let d(k) = -k - 5. Calculate d(j).
-5
Let b(w) = 19*w + 1. Let u = 120 + -118. Give b(u).
39
Suppose -3*j = 3, -j = n + 63 - 343. Let s = n - 200. Let m(l) = 8 + s*l - 41*l - l**2 - 43*l. Determine m(-6).
-10
Let z(k) be the first derivative of -5*k**2/2 - 6*k - 280. Give z(-3).
9
Let a = -38 + 42. Suppose h + a*h = 0. Let o(n) = -n**3 - n**2 - 20. Determine o(h).
-20
Let u(d) = d**2 + 11*d + 5. Let p be u(-10). Let r be 10/p + 1*-2. Let x(l) = -3*l - 6. Let s be x(r). Let h(z) = -z + 14. What is h(s)?
8
Let m(t) be the first derivative of 4*t**3/3 + t**2 - t + 49. Determine m(-2).
11
Suppose 32*m - 44*m = -48. Let q(f) = -4*f**3 - 5*f**2 + 2*f**3 - 1 + 4*f + 3*f**3. What is q(m)?
-1
Let f(k) = -2*k**2 + 56*k - 147. Let y be f(25). Let i(j) = 2*j + 4 - 2 + 3*j**2 - 4*j**2. Give i(y).
-1
Suppose 55 = -12*d + 19. Let t(w) = -w**2 + 6. Give t(d).
-3
Let u(r) be the first derivative of -r**3/3 + 5*r**2 - 5*r + 5. Suppose -6*t + 4*a + 56 = -2*t, -5*t - a + 40 = 0. Calculate u(t).
4
Let u(g) = 8*g - 5. Let h(q) = q - 1. Let b(v) = 3*h(v) - u(v). What is b(3)?
-13
Let n(y) = -16*y + 3*y**2 + 4 - 13*y - 2*y**2 + 27*y. Give n(0).
4
Let a(b) = 1 + 5 + 3*b - 4. Let o(g) = -g**3 - 6*g**2 - 5*g - 3. Let w be o(-5). Let t be (-3)/w*1*3. Give a(t).
11
Let n = -6 + 9. Suppose 0 = 4*u - 5*w + 8, -n*u + 2*w - 2 = -u. Let q(t) = -4*t + 7 - 5*t**2 + 5*t**u - 4*t**3 - 1 - 4*t. Determine q(6).
-6
Let l(z) = -z**3 + 5*z**2 - 6*z + 6. Let i(w) = -4*w - 7. Let b(k) = 3*k. Let o(d) = -b(d) - i(d). Let m be 3*(0 - (-1 - -2)). Let n be o(m). Give l(n).
-2
Let n = 87 + -87. Suppose 17 = -5*l - 4*q, 5*l + 3*q - 7*q - 7 = n. Let d(p) = 8*p - 1. Determine d(l).
-9
Let j(q) = q**2 - 5*q + 3. Suppose g + 22 = 25. What is j(g)?
-3
Suppose 2*y + 3*v - 6 = -20, 0 = 4*y - 2*v - 4. Let j(m) = 3*m - 1. Give j(y).
-4
Let f(u) = 2*u + 3. Let d be (-2)/2*0/2. Suppose -a + 0*a + 2 = d, 4*a = 2*g + 20. Calculate f(g).
-9
Let c(g) be the third derivative of 0 + 1/3*g**4 - 1/6*g**3 + 0*g + 11*g**2. Determine c(1).
7
Let b(c) = 43*c**3 - 52*c**3 + 10*c**3 + 8*c**2 + 2 + c. Let x(q) = -q + 3. Let i be x(11). Give b(i).
-6
Suppose 5 = 7*c - 2. Let v(h) = -2*h + 2 + c + 8*h**2 - 2. Give v(1).
7
Let g(s) = -s + 18. Let r be g(15). Let o(m) = -m + 5. Let b(n) = -n - 1. Let w(y) = -2*b(y) - o(y). What is w(r)?
6
Let v(l) = -2*l**2 + 20*l - 23. Let y be v(9). Let j(d) = -d**3 - 4*d**2 + 5*d + 1. Determine j(y).
1
Suppose 10 = 2*w - 4*a, 10*w - 3*a = 6*w + 5. Let x(d) be the third derivative of d**4/6 - d**3/6 + d**2. Determine x(w).
-5
Suppose 0 = 4*g - 4*n - 16, 4*g - 5*n - 6 = 5. Let y(h) = -g + 20 - 2*h - 7. Let x(u) = 3*u**2 + 1. Let v be x(-1). What is y(v)?
-4
Let a be ((-9)/(-15))/(1 - (-8)/(-10)). Let m(y) = 9*y**2 - 6*y**a - 8 + 7*y**3 - 4*y - 4*y**2. What is m(-6)?
-20
Let d(n) = -3 + 4 - 8 + n. Let x be d(7). Suppose 0 = 5*u - x - 15. Let g(i) = i - 4. Determine g(u).
-1
Let d(n) = -3*n + 17. Let v be d(5). Let z be -7 - (4/v + -2). Let g(m) = -m**2 - 6*m - 1. Give g(z).
-8
Let w(b) = -3*b + 2. Suppose 0 = -2*k - 4*t + 22, -2*k + 9 + 3 = -t. What is w(k)?
-19
Let g = -16 - -20. Let f(l) = l + 4*l**2 - g*l**2 + l**2. Give f(2).
6
Suppose -17*g - 35 = -10*g. Let b(f) = -f**3 - 6*f**2 - 5*f - 4. Give b(g).
-4
Let c = 78 + -86. Let j be -2 + (2*(-3)/(-6) - c). Let y(i) = -i - 3. What is y(j)?
-10
Let p be 108/45 - -1*(-4)/10. Let y be (-4 - 21/(-4))/(p/(-8)). Let k(r) = r**3 + 5*r**2 + 5*r + 7. Give k(y).
-18
Let b(g) = -g - 1. Let d be 5/(5 - 0) - (1 + -6). Determine b(d).
-7
Suppose 4*i = 5*d - 254, 0 = 5*d - 2*i - i - 253. Let x(a) = d - 1